a multiple of 187?
True
Is 10151 a multiple of 3?
False
Does 2 divide 2236957?
False
Is 91 a factor of 35945?
True
Does 34 divide 945950?
False
Is 20 a factor of 412615?
False
Is 828342 a multiple of 51?
True
Does 10 divide 4882278?
False
Does 9 divide 8633826?
True
Is 27 a factor of 126549?
True
Does 87 divide 185484?
True
Is 220219 a multiple of 86?
False
Does 95 divide 3806624?
False
Is 15 a factor of 1522029?
False
Is 629 a factor of 20677746?
True
Is 9940857 a multiple of 137?
True
Is 112812 a multiple of 18?
False
Is 1649 a factor of 10754778?
True
Does 206 divide 426626?
True
Does 476 divide 482237?
False
Does 46 divide 1307975?
False
Is 113 a factor of 29945?
True
Does 4 divide 21308?
True
Is 2243007 a multiple of 171?
True
Is 8023470 a multiple of 39?
True
Is 2 a factor of 73524?
True
Is 988596 a multiple of 9?
True
Is 50 a factor of 1983500?
True
Is 249 a factor of 4169256?
True
Is 9 a factor of 135927?
True
Is 145080 a multiple of 16?
False
Does 13 divide 431153?
False
Is 44 a factor of 458287?
False
Is 91800 a multiple of 18?
True
Is 365 a factor of 5805693?
False
Is 1998766 a multiple of 58?
False
Is 1045440 a multiple of 45?
True
Is 101790 a multiple of 87?
True
Does 25 divide 12888825?
True
Does 10 divide 120331?
False
Is 30 a factor of 123882?
False
Is 663264 a multiple of 98?
True
Is 188342 a multiple of 154?
True
Is 1624686 a multiple of 7?
True
Is 24 a factor of 1148189?
False
Does 486 divide 256123?
False
Is 12 a factor of 14442672?
True
Does 68 divide 22129?
False
Is 14 a factor of 3712548?
True
Is 6041480 a multiple of 365?
True
Is 10 a factor of 2731703?
False
Is 3724 a multiple of 76?
True
Is 52609 a multiple of 65?
False
Does 9 divide 341595?
True
Does 55 divide 1253172?
False
Is 269 a factor of 1481716?
False
Is 795280 a multiple of 40?
True
Is 2781675 a multiple of 470?
False
Does 94 divide 6263972?
True
Is 856 a factor of 404773?
False
Does 23 divide 5267345?
True
Is 737664 a multiple of 4?
True
Does 22 divide 2968174?
True
Is 39 a factor of 485564?
False
Is 343569 a multiple of 36?
False
Does 308 divide 296790?
False
Is 214952 a multiple of 18?
False
Is 46 a factor of 3682621?
False
Is 171496 a multiple of 8?
True
Is 174 a factor of 206886?
True
Does 33 divide 55077?
True
Does 23 divide 113364?
False
Does 8 divide 299475?
False
Does 13 divide 1130089?
False
Is 8102160 a multiple of 180?
True
Is 301603 a multiple of 76?
False
Does 251 divide 326209?
False
Is 88 a factor of 6942760?
True
Does 7 divide 9601326?
True
Is 473 a factor of 956963?
False
Does 81 divide 35316307?
False
Does 335 divide 35175?
True
Is 504595 a multiple of 91?
True
Is 2234686 a multiple of 194?
True
Is 3509176 a multiple of 769?
False
Is 324 a factor of 450360?
True
Is 9228 a multiple of 6?
True
Is 184112 a multiple of 95?
False
Is 708122 a multiple of 29?
True
Does 5 divide 541480?
True
Is 67 a factor of 181026?
False
Is 1999760 a multiple of 35?
True
Is 11 a factor of 2529527?
True
Is 382272 a multiple of 352?
True
Is 30773 a multiple of 38?
False
Is 4 a factor of 299495?
False
Is 206 a factor of 50676?
True
Is 34212 a multiple of 3?
True
Is 23 a factor of 40066?
True
Is 145873 a multiple of 7?
True
Does 2 divide 77380?
True
Is 4 a factor of 1038602?
False
Does 25 divide 817688?
False
Is 382236 a multiple of 6?
True
Is 5453000 a multiple of 6?
False
Does 15 divide 34828?
False
Does 64 divide 315986?
False
Does 10 divide 712160?
True
Does 48 divide 784796?
False
Is 19 a factor of 1281395?
False
Is 283 a factor of 7577891?
True
Does 17 divide 2746615?
False
Does 9 divide 12510234?
True
Does 13 divide 117754?
True
Is 750162 a multiple of 7?
True
Is 37 a factor of 942787?
False
Is 53 a factor of 591162?
True
Is 228 a factor of 48847?
False
Does 23 divide 49289?
True
Does 69 divide 118659?
False
Does 115 divide 2275390?
True
Is 5419494 a multiple of 54?
True
Is 19 a factor of 67184?
True
Is 36 a factor of 3153708?
True
Is 861 a factor of 502666?
False
Is 17251 a multiple of 12?
False
Is 23 a factor of 561798?
True
Is 1113843 a multiple of 25?
False
Is 6188600 a multiple of 8?
True
Is 46 a factor of 3808052?
False
Does 23 divide 242650?
True
Is 1298077 a multiple of 37?
False
Does 8 divide 1644712?
True
Is 974160 a multiple of 540?
True
Is 13 a factor of 256321?
True
Is 5277 a multiple of 16?
False
Does 65 divide 390595?
False
Is 91 a factor of 11442?
False
Does 56 divide 1031017?
False
Is 16 a factor of 891904?
True
Is 48 a factor of 9837468?
False
Is 87839 a multiple of 17?
True
Is 96 a factor of 455036?
False
Is 17871317 a multiple of 11?
False
Is 812973 a multiple of 60?
False
Does 484 divide 1732720?
True
Is 99779 a multiple of 113?
True
Is 4870478 a multiple of 727?
False
Does 882 divide 2023308?
True
Is 1535 a factor of 5496095?
False
Does 13 divide 36966?
False
Is 243 a factor of 389772?
True
Does 67 divide 770969?
True
Is 2 a factor of 219265?
False
Is 4816812 a multiple of 1001?
True
Is 163 a factor of 1539698?
True
Is 16 a factor of 283620?
False
Does 276 divide 3836400?
True
Is 171 a factor of 165694?
False
Is 304071 a multiple of 196?
False
Is 125 a factor of 1800500?
True
Is 727500 a multiple of 60?
True
Does 30 divide 84974?
False
Is 3241429 a multiple of 10?
False
Is 3202130 a multiple of 362?
False
Does 59 divide 33531?
False
Is 5 a factor of 1396183?
False
Is 13 a factor of 1110759?
True
Does 276 divide 211591?
False
Does 175 divide 362775?
True
Is 81 a factor of 3485430?
True
Is 38732 a multiple of 23?
True
Does 47 divide 10879889?
True
Does 67 divide 9692?
False
Is 489697 a multiple of 28?
False
Is 6505101 a multiple of 153?
True
Is 261 a factor of 715056?
False
Is 682739 a multiple of 134?
False
Is 164296 a multiple of 14?
False
Does 6 divide 493212?
True
Does 714 divide 2370480?
True
Does 69 divide 4171521?
False
Is 23 a factor of 4716941?
False
Does 1795 divide 12261017?
False
Is 153 a factor of 2942496?
True
Is 663 a factor of 186724?
False
Is 253 a factor of 2871987?
False
Is 10368 a multiple of 36?
True
Does 390 divide 296010?
True
Is 112 a factor of 943941?
False
Is 129 a factor of 1471245?
True
Does 3 divide 415864?
False
Is 8384906 a multiple of 88?
False
Is 797485 a multiple of 119?
False
Does 8 divide 145139?
False
Does 10 divide 1517108?
False
Is 336 a factor of 4244965?
False
Is 65940 a multiple of 28?
True
Is 832 a factor of 184704?
True
Is 14414 a multiple of 2?
True
Is 47235 a multiple of 4?
False
Does 172 divide 364814?
False
Is 4264097 a multiple of 19?
False
Is 1365316 a multiple of 24?
False
Is 128758 a multiple of 541?
True
Does 61 divide 40889?
False
Is 30 a factor of 21338?
False
Is 28296 a multiple of 8?
True
Is 387 a factor of 375777?
True
Is 103349 a multiple of 65?
False
Is 69 a factor of 58896?
False
Is 423171 a multiple of 240?
False
Is 859248 a multiple of 204?
True
Does 310 divide 190650?
True
Does 27 divide 9187802?
False
Is 15692509 a multiple of 1807?
False
Is 77 a factor of 42363629?
True
Is 27456 a multiple of 13?
True
Is 7 a factor of 10458219?
False
Is 961 a factor of 6058702?
False
Is 132 a factor of 18634044?
True
Is 1527 a factor of 3203646?
True
Is 9 a factor of 30431?
False
Does 9 divide 12438?
True
Is 72325 a multiple of 11?
True
Is 10006813 a multiple of 20?
False
Is 401594 a multiple of 27?
False
Is 321 a factor of 102078?
True
Is 20711 a multiple of 6?
False
Does 182 divide 240777?
False
Is 11 a factor of 205919?
False
Is 170989 a multiple of 3?
False
Does 98 divide 83105?
False
Does 133 divide 1108156?
True
Is 25 a factor of 1153301?
False
Is 585458 a multiple of 14?
False
Is 2513736 a multiple of 124?
False
Is 19 a factor of 13547?
True
Does 63 divide 1179675?
True
Does 150 divide 9880800?
True
Is 10594199 a multiple of 1102?
False
Is 462 a multiple of 7?
True
Is 54621 a multiple of 63?
True
Does 1259 divide 6287171?
False
Does 304 divide 556320?
True
Is 17917307 a multiple of 43?
False
Is 119 a factor of 155363?
False
Does 11 divide 69463?
False
Does 3 divide 1355277?
True
Does 42 divide 398722?
False
Does 10 divide 432423?
False
Is 2 a factor of 73070?
True
Does 173 divide 740780?
False
Does 8 divide 40944?
True
Is 6507429 a multiple of 6?
False
Is 1173 a factor of 2573562?
True
Does 163 divide 2523666?
False
Does 3 divide 4899762?
True
Is 321 a factor of 337050?
True
Is 33